308900?
True
Does 92 divide 199822?
False
Is 102 a factor of 923610?
True
Is 9776 a multiple of 94?
True
Is 3480925 a multiple of 14?
False
Is 2472366 a multiple of 174?
True
Is 328609 a multiple of 12?
False
Does 10 divide 3010450?
True
Is 6817378 a multiple of 10?
False
Is 414657 a multiple of 143?
False
Does 742 divide 116494?
True
Is 69902 a multiple of 38?
False
Is 16680114 a multiple of 52?
False
Does 16 divide 7577866?
False
Is 17751 a multiple of 31?
False
Is 94 a factor of 259971?
False
Is 5692176 a multiple of 61?
False
Is 79 a factor of 141179?
False
Is 1026 a factor of 3843259?
False
Is 5906593 a multiple of 971?
True
Is 65 a factor of 586196?
False
Does 170 divide 3095082?
False
Does 101 divide 2376025?
True
Is 668471 a multiple of 18?
False
Is 537526 a multiple of 922?
True
Is 18 a factor of 816736?
False
Does 539 divide 407146?
False
Is 137 a factor of 6440017?
False
Is 6119111 a multiple of 416?
False
Is 9 a factor of 6085422?
True
Does 42 divide 121926?
True
Is 1003386 a multiple of 244?
False
Is 11 a factor of 7126226?
False
Is 387 a factor of 2446953?
False
Is 222400 a multiple of 5?
True
Is 106 a factor of 86602?
True
Is 243235 a multiple of 5?
True
Is 10 a factor of 204372?
False
Is 3 a factor of 16254?
True
Is 95949 a multiple of 150?
False
Is 10719588 a multiple of 281?
True
Is 1057874 a multiple of 11?
False
Does 16 divide 120864?
True
Does 1002 divide 203509?
False
Is 10839152 a multiple of 21?
False
Does 6 divide 537990?
True
Is 34 a factor of 2116604?
False
Is 37 a factor of 50406?
False
Is 11 a factor of 1901647?
True
Does 129 divide 1788753?
False
Is 1047708 a multiple of 7?
False
Is 15 a factor of 29935?
False
Is 34 a factor of 721854?
True
Is 1582476 a multiple of 14?
True
Is 114 a factor of 699524?
False
Is 121977 a multiple of 37?
False
Is 302 a factor of 969118?
True
Does 50 divide 2362484?
False
Is 1160148 a multiple of 22?
True
Is 257699 a multiple of 242?
False
Is 63 a factor of 177492?
False
Is 18 a factor of 107730?
True
Is 327 a factor of 1058826?
True
Does 73 divide 745979?
False
Is 241 a factor of 312420?
False
Is 883 a factor of 6671243?
False
Is 17 a factor of 94282?
True
Does 30 divide 442736?
False
Does 47 divide 8163665?
True
Does 6 divide 9087060?
True
Is 2 a factor of 64036?
True
Is 20 a factor of 130440?
True
Is 2 a factor of 61449?
False
Does 18 divide 7847959?
False
Is 3343986 a multiple of 37?
True
Is 62 a factor of 193817?
False
Is 19 a factor of 183317?
False
Is 3595826 a multiple of 551?
True
Is 807340 a multiple of 185?
True
Is 302867 a multiple of 7?
False
Does 25 divide 3002850?
True
Is 1640555 a multiple of 133?
True
Is 1200150 a multiple of 16?
False
Is 9 a factor of 4082723?
False
Does 28 divide 6968405?
False
Does 341 divide 390786?
True
Is 279 a factor of 899245?
False
Is 120422 a multiple of 9?
False
Does 44 divide 2580?
False
Does 25 divide 3370101?
False
Is 6 a factor of 147542?
False
Is 611 a multiple of 5?
False
Is 18211960 a multiple of 65?
True
Is 34 a factor of 437919?
False
Is 2 a factor of 20120?
True
Is 1478884 a multiple of 58?
True
Is 194508 a multiple of 4?
True
Does 62 divide 15872?
True
Is 3772100 a multiple of 670?
True
Is 2125060 a multiple of 353?
True
Is 4013877 a multiple of 1091?
False
Does 38 divide 620616?
True
Does 1130 divide 12749790?
True
Is 1114 a factor of 11386600?
False
Is 604569 a multiple of 34?
False
Is 92283 a multiple of 57?
True
Is 1334 a factor of 2080408?
False
Is 742 a factor of 333900?
True
Does 116 divide 776968?
True
Does 88 divide 679976?
True
Is 227430 a multiple of 266?
True
Is 768768 a multiple of 52?
True
Does 359 divide 73130?
False
Is 2740234 a multiple of 7?
True
Is 12620537 a multiple of 23?
True
Does 17 divide 400936?
False
Does 20 divide 5244778?
False
Is 7447440 a multiple of 13?
True
Is 2227590 a multiple of 1401?
True
Is 195 a factor of 345634?
False
Does 100 divide 38987?
False
Is 16 a factor of 21504?
True
Is 317 a factor of 110151?
False
Is 740374 a multiple of 66?
False
Does 979 divide 826276?
True
Is 1614 a factor of 12705408?
True
Does 163 divide 3328271?
False
Is 152264 a multiple of 4?
True
Does 171 divide 584820?
True
Does 88 divide 250232?
False
Is 234 a factor of 11102832?
True
Is 1732586 a multiple of 78?
False
Is 11 a factor of 161453?
False
Is 85 a factor of 1231539?
False
Does 35 divide 938735?
True
Is 212916 a multiple of 17?
False
Is 641563 a multiple of 15?
False
Does 193 divide 196263?
False
Does 132 divide 1539628?
False
Is 210 a factor of 28770?
True
Is 313 a factor of 103046?
False
Is 34734799 a multiple of 79?
True
Is 247241 a multiple of 29?
False
Does 511 divide 634151?
True
Does 258 divide 12863880?
True
Is 30 a factor of 318487?
False
Does 172 divide 78948?
True
Is 16057746 a multiple of 540?
False
Does 629 divide 8636799?
True
Does 730 divide 1638645?
False
Is 3287747 a multiple of 360?
False
Does 14 divide 504599?
False
Does 38 divide 2098664?
True
Is 19915050 a multiple of 10?
True
Does 24 divide 5495736?
True
Is 668 a factor of 5669778?
False
Does 827 divide 25611173?
False
Is 631 a factor of 512636?
False
Does 9 divide 784411?
False
Is 185674 a multiple of 4?
False
Does 204 divide 237048?
True
Is 28207 a multiple of 17?
False
Is 217775 a multiple of 140?
False
Is 12 a factor of 228512?
False
Is 4705764 a multiple of 28?
True
Does 91 divide 1568538?
False
Is 153 a factor of 231948?
True
Does 90 divide 5489606?
False
Does 5 divide 16286?
False
Does 358 divide 27582?
False
Is 115148 a multiple of 62?
False
Does 3 divide 212112?
True
Is 2250 a factor of 14802750?
True
Is 9 a factor of 36143?
False
Does 16 divide 173024?
True
Is 135 a factor of 4081979?
False
Does 20 divide 75465?
False
Is 41022 a multiple of 6?
True
Does 101 divide 11425433?
False
Is 155740 a multiple of 18?
False
Is 261309 a multiple of 13?
False
Is 17908 a multiple of 11?
True
Does 285 divide 16245?
True
Does 43 divide 443229?
False
Does 29 divide 6818857?
True
Does 163 divide 164793?
True
Is 139 a factor of 531536?
True
Is 424148 a multiple of 428?
True
Is 17 a factor of 63172?
True
Does 17 divide 1363383?
True
Is 628445 a multiple of 79?
True
Is 476937 a multiple of 591?
True
Is 134 a factor of 926332?
False
Is 2 a factor of 43919?
False
Does 131 divide 188902?
True
Is 66105 a multiple of 117?
True
Does 4 divide 1902582?
False
Is 20 a factor of 74109?
False
Does 6 divide 12272110?
False
Is 4306270 a multiple of 609?
False
Does 17 divide 298826?
True
Does 48 divide 5586?
False
Is 828036 a multiple of 51?
True
Does 556 divide 1200404?
True
Does 22 divide 287028?
False
Is 18 a factor of 6971522?
False
Is 211579 a multiple of 71?
False
Does 9 divide 22266?
True
Does 753 divide 4728087?
True
Does 20 divide 4254776?
False
Is 7 a factor of 30531?
False
Is 148762 a multiple of 83?
False
Does 14 divide 89997?
False
Is 117 a factor of 4925583?
True
Is 18 a factor of 105528?
False
Is 512 a factor of 3062101?
False
Does 389 divide 153031?
False
Does 113 divide 780943?
True
Is 40 a factor of 386831?
False
Is 38 a factor of 161462?
True
Is 848920 a multiple of 76?
True
Does 12 divide 9008172?
True
Is 33 a factor of 788103?
False
Does 141 divide 22755828?
False
Does 19 divide 79910?
False
Is 460 a factor of 1174734?
False
Is 800206 a multiple of 11?
True
Is 38 a factor of 1340640?
True
Is 12594504 a multiple of 13?
True
Does 21 divide 43953?
True
Is 1302 a factor of 21878894?
False
Does 151 divide 91448?
False
Is 31 a factor of 103416?
True
Does 13 divide 122597?
False
Is 1519830 a multiple of 135?
True
Is 605046 a multiple of 77?
False
Is 9694 a multiple of 20?
False
Is 7635228 a multiple of 831?
True
Is 11 a factor of 17666?
True
Is 125 a factor of 49734?
False
Is 4631256 a multiple of 189?
True
Does 7 divide 22981?
True
Is 2 a factor of 11925?
False
Is 104 a factor of 9558437?
False
Is 231 a factor of 370776?
False
Does 200 divide 734834?
False
Is 4 a factor of 5546?
False
Is 62880 a multiple of 12?
True
Does 24 divide 65616?
True
Is 2908173 a multiple of 51?
True
Is 719499 a multiple of 33?
True
Is 192668 a multiple of 25?
False
Is 19 a factor of 13292236?
False
Does 24 divide 81504?
True
Is 69 a factor of 3334580?
False
Is 3566285 a multiple of 8?
False
Does 199 divide 3963887?
False
Is 19000608 a multiple of 114?
True
Does 764 di